se -8*c + r*c = -78. What is the units digit of c?
6
Let u be -1 + (-2)/(0 - (-4)/(-6)). Suppose -u*n + 39 = -135. What is the units digit of n?
7
Let f(p) = 2*p**2 + 3. Let r be (14/5)/(6/(-15)). Let m be f(r). Suppose 0 = 7*q - 130 - m. What is the units digit of q?
3
Let k be 3 - 0 - (-107 - 1). Let o = k - 63. What is the tens digit of o?
4
Let p = -56 - -61. What is the units digit of 3*p/((-15)/(-94))?
4
Let v be (-6)/33 + (-108)/11. Let q = 9 - v. Suppose 0 = -o + q + 4. What is the tens digit of o?
2
Suppose 5*u - 3563 = 3652. What is the tens digit of u?
4
Suppose -i - 3556 = -4*b, -2*b = 5*i + 230 - 1986. Suppose -5*t + 11*t = b. What is the units digit of t?
8
Let m(y) = -y**3 + 20*y**2 - y + 22. Let t be m(20). Suppose t*x + 3*s - 140 = 0, 80 = x - 3*s + 2*s. What is the units digit of x?
6
Let o(x) = -2*x**3 - 8*x**2 - 11*x - 5. Let b be o(-9). Suppose 5*k = 13*k - b. What is the units digit of k?
3
Let q be (1 + -5)*2/(-4). Suppose -4*v = r + v - 50, r - 53 = -q*v. Suppose 4*m = 149 + r. What is the units digit of m?
1
Let i(g) = -14*g - 13 - 3*g**3 - 9*g**2 - g**3 + 13. What is the tens digit of i(-4)?
6
Suppose z - 408 = 7*z. Let l = 167 + z. What is the units digit of l?
9
Let t(h) = 84*h - 6. Let j(g) = 85*g - 5. Let a(o) = 4*j(o) - 3*t(o). What is the hundreds digit of a(2)?
1
Suppose -4*n + 65 = -15. Let q(j) = -j**2 + 1. Let m(r) = 2*r**2 + 17*r - 18. Let f(t) = -m(t) - 3*q(t). What is the units digit of f(n)?
5
Suppose -86 = -3*w - 5*a, 5*w = w - 4*a + 120. Suppose 0 = 25*u - 12 + 562. Let p = u + w. What is the units digit of p?
0
What is the units digit of ((-4 - -2) + 92/(-14))*-98?
0
Suppose -5*q + h - 2025 - 5335 = 0, q + 1472 = -5*h. Let t be q/(-56) + 4/(-14). Let v = t + -10. What is the units digit of v?
6
What is the units digit of -9 + 1157 + 11 + -9?
0
Let q = 481 + -214. What is the units digit of q?
7
Suppose 583*f - 14440 = 575*f. What is the tens digit of f?
0
Suppose 5*c = 16 - 6. What is the tens digit of -11*c/(-4)*14?
7
Let q = 285 - -140. What is the tens digit of q?
2
Suppose -11*m = -6*m + 10. Let q be (-5 - m)/(2/10). Let x = -3 - q. What is the tens digit of x?
1
Let r(m) = m**3 - 4*m**2 + m - 12. Let a be r(8). Suppose 41 = -j + a. What is the hundreds digit of j?
2
Suppose 4*g + 28 = 4*b, -4*b - 4*g + 1 = g. Suppose 1 = -6*z + 13. Suppose -c + b = z. What is the units digit of c?
2
What is the units digit of (-13 - (5 - 12)) + 301?
5
Let p(x) = -x**3 + 11*x**2 - 12*x - 10. Let v be p(12). What is the hundreds digit of (v - -1)*(-20)/30?
1
Let x(m) = 142*m**3 - m**2 + m. Let z = 1 + 0. What is the tens digit of x(z)?
4
Let i be 3/(9/(-3)) + 1. Let n be i*(-3 - -5)/(-2). Suppose a + 3*h - 23 = 0, 7*h - 2*h + 25 = n. What is the tens digit of a?
3
Let k(t) = 2*t + 6. Let c be k(-5). Let p be 2/4*(-16)/c. Suppose -p*h - 3 = -61. What is the units digit of h?
9
Let g(w) = -19*w + 54. Let x(c) = -19*c + 55. Let h(y) = 4*g(y) - 3*x(y). What is the units digit of h(-8)?
3
What is the thousands digit of 4 - -1 - 8/(24/(-6729))?
2
Suppose -15*m + 22815 = -0*m. What is the tens digit of m?
2
Let v(r) = -r**3 - 4*r**2 - 13*r. Let i be v(-4). Suppose 3*y - 5*y = 4*j - i, -y = j - 11. What is the tens digit of j?
1
Let f(b) = -2*b**2 + 16*b - 18. Let c be f(7). Suppose 5*q = -0*q - 4*j + 34, q + 5*j = -10. Let x = q - c. What is the units digit of x?
4
Let h = -564 - -1384. What is the hundreds digit of h?
8
Let n be (1*-1)/(5/(-20)). Suppose 2*t = -5*l + 25, -n*t - l + 26 = l. Suppose t*s - 99 = 41. What is the tens digit of s?
2
Suppose 49*j = -27*j + 197372. What is the units digit of j?
7
Suppose -23*z + 17*z + 4056 = 0. What is the units digit of z?
6
Let n = 2553 - -1549. What is the hundreds digit of n?
1
Suppose -5*v + 7*v - 1666 = 0. What is the hundreds digit of v?
8
Suppose 0 = 3*p - 14 - 4. Let d(r) = r**2 - p*r - 8*r + 10*r + 3*r**2 + 2. What is the units digit of d(3)?
6
Suppose -4*s = 4*b - 1160, -5*s + 1471 = -4*b + 2*b. What is the hundreds digit of s?
2
Suppose -2*s + x - 4*x - 7 = 0, -20 = 4*x. Suppose 0 = 1091*w - 1097*w - 552. What is the units digit of 1/(s - w/(-24))?
6
Let h(v) = 3*v**2 + 21*v + 43. What is the units digit of h(-11)?
5
Suppose 0 = 5*q - 496 - 19. Suppose -2*a + a = -q. What is the tens digit of a?
0
Suppose a - 4 = 0, -2*d - 5*a - 491 + 2461 = 0. What is the units digit of d?
5
Suppose -2*m - 5*m + 1638 = 0. Suppose -7*w = 2*w - m. What is the tens digit of w?
2
Suppose q + 7 = o, -2*q - q - 15 = 0. Suppose -2 + 26 = -m + 5*d, 5*m + o*d + 39 = 0. Let f = 11 + m. What is the units digit of f?
2
Let b be ((-36)/(-1))/((-42)/(-28)). Suppose 0 - b = -4*o. Suppose -4*z = -o*z + 98. What is the units digit of z?
9
Let p(f) = -88*f**3 - 12*f**2 - 19*f - 8. What is the hundreds digit of p(-3)?
3
What is the tens digit of 12/(-16) - (-42508)/16?
5
What is the tens digit of (-62006)/(-14) + (-24)/(-2)?
4
Let f = -5147 - -7398. What is the thousands digit of f?
2
Suppose 0*d - 3*d - 2*u = -2084, -4*u + 3470 = 5*d. What is the hundreds digit of d?
6
Suppose -4 + 0 = -2*g. Let q(o) = 8*o**3 + 2*o**2 - o - 2. Let v be q(g). Suppose -3*n + v = n. What is the tens digit of n?
1
Let w be 6032/130*(-10)/(-4). Let b = 145 - w. What is the units digit of b?
9
Let r = -18 + 6. Let h be (-25)/20 - (-9)/r. What is the units digit of 12/2 + 1 + h?
5
Let d be (-4 - -13)*(-3)/(-9). Suppose -d*z + 258 = -27. What is the units digit of z?
5
Let a(q) = -q**3 + 7*q**2 + 4*q. Let f be a(5). Let o = 1 + -1. Suppose 0 = -5*p - o*p + f. What is the tens digit of p?
1
Let q = 33 - 29. Suppose -380 = -o - q*o. What is the units digit of o?
6
Let l = 746 - 431. What is the units digit of l?
5
Suppose 0 = -w + 3*w - 4. Let s(a) = -w*a + 1 + 0 + 6*a + 3*a. What is the units digit of s(1)?
8
Let o = 1589 - 908. What is the hundreds digit of o?
6
Let h = 1085 + -131. What is the units digit of h?
4
Suppose l - y = 6*l + 24, l + 16 = -3*y. Let m be (27/l)/((-1)/4). Let t = m + 5. What is the units digit of t?
2
Let a = 165 - 52. Suppose -34 = g + 2*k, -4*g - 3*k - a = 8. What is the units digit of (-498)/(-8) - 21/g?
3
Suppose d - 12573 = -10*d. What is the tens digit of d/(-3)*4/(-6)?
5
Suppose -q + 4*i = 139, 5*q + i = -219 - 455. Let b = -103 - q. What is the units digit of b?
2
Let m = 19 - 14. Let z = -46 - -66. Suppose -5*f = -z - m. What is the units digit of f?
5
Let w = 2 + -2. Suppose 2*u = -w*u + 92. What is the tens digit of u?
4
Let t(k) be the second derivative of k**5/60 - 3*k**4/8 + 3*k**3/2 + 7*k**2/2 - 4*k. Let u(q) be the first derivative of t(q). What is the units digit of u(9)?
9
Let g be 1673/(-28) + (-1)/4. Let f be (g/(-4))/(6/4). What is the tens digit of f/15 + 151/3?
5
Suppose -2*q + 2*h + 8 = -q, -5*h - 20 = q. Suppose q = o - 0*o - 12. What is the units digit of o?
2
Suppose 0 = r + 5*u - 978, -2*r + 1474 + 462 = 5*u. What is the tens digit of r?
5
Let t(r) = -r**2 + 5*r + 3. Let z be t(6). Let i be -2 + 7 + 0 + z. Suppose 5*s - 2*h = 2*h + 142, -i*s - 2*h + 46 = 0. What is the units digit of s?
6
Let j be (-2 - -91)*1 + -2. Suppose 43 + j = -5*v. Let z = v - -51. What is the tens digit of z?
2
Let x be 0 + (-109)/(2 - 3). Let u = x + -48. What is the tens digit of u?
6
Let w be (20/8)/(1 - 131/132). Suppose 4*f + f + w = 4*q, 408 = 5*q - 4*f. What is the tens digit of q?
8
Suppose 15502 = 26*n - 8080. What is the units digit of n?
7
Let x(q) = -8 + 20 + 20*q + 10*q. What is the hundreds digit of x(3)?
1
Suppose -5*t = -3*j - 283, 2*t + 5*j - 78 = 60. Suppose -79 = -3*q + t. Suppose -q = 5*n - 221. What is the units digit of n?
5
Let w(x) = -2*x**2 + 8*x - 6. Let n be w(5). Let i = n + 70. What is the units digit of i?
4
Let h be (-4)/(1 - (-28)/(-12)). What is the units digit of 6/h - (-1 - 48)?
1
Suppose -l - 2*l + 18 = 0. Let q(g) = g**3 - 4*g**2 - 7*g + 6. Let n be q(l). Suppose -w = 2*w - n. What is the tens digit of w?
1
Suppose -r = 5*q - 14, 5*q + 3 = -5*r - 7. Let d be (-2 - -6) + 2 + r. What is the units digit of (-168)/(-8) - (-1 + d)?
2
Let z(h) = h**2 - h + 1. Let t be z(-3). Let b = t - 13. Suppose -4*c + 10 - 2 = b. What is the units digit of c?
2
Suppose -8*b + 7861 = -3307. What is the units digit of b?
6
Let t be (4 - 1) + (-1 - -2). Suppose -2*n = -h + t, 6*